{"id":2399,"date":"2026-01-28T17:25:40","date_gmt":"2026-01-28T15:25:40","guid":{"rendered":"https:\/\/el-obrador.com\/project\/resistint-la-covid-tv\/"},"modified":"2026-01-28T17:25:41","modified_gmt":"2026-01-28T15:25:41","slug":"resistint-la-covid-tv","status":"publish","type":"project","link":"https:\/\/el-obrador.com\/ca\/project\/resistint-la-covid-tv\/","title":{"rendered":"Resistint la Covid (TV)"},"content":{"rendered":"\n<p>Durant el confinament del 2020, <em>Resistint la Covid<\/em> recull testimonis de resili\u00e8ncia a Mallorca. Hist\u00f2ries personals de superaci\u00f3, cura mutu i adaptaci\u00f3 davant del desconegut. Una mem\u00f2ria emocional dun temps que va transformar les nostres vides.  <\/p>\n","protected":false},"featured_media":2012,"template":"","meta":{"footnotes":""},"project-category":[34],"class_list":["post-2399","project","type-project","status-publish","has-post-thumbnail","hentry","project-category-tv-i-nous-formats"],"_links":{"self":[{"href":"https:\/\/el-obrador.com\/ca\/wp-json\/wp\/v2\/project\/2399","targetHints":{"allow":["GET"]}}],"collection":[{"href":"https:\/\/el-obrador.com\/ca\/wp-json\/wp\/v2\/project"}],"about":[{"href":"https:\/\/el-obrador.com\/ca\/wp-json\/wp\/v2\/types\/project"}],"version-history":[{"count":0,"href":"https:\/\/el-obrador.com\/ca\/wp-json\/wp\/v2\/project\/2399\/revisions"}],"wp:featuredmedia":[{"embeddable":true,"href":"https:\/\/el-obrador.com\/ca\/wp-json\/wp\/v2\/media\/2012"}],"wp:attachment":[{"href":"https:\/\/el-obrador.com\/ca\/wp-json\/wp\/v2\/media?parent=2399"}],"wp:term":[{"taxonomy":"project-category","embeddable":true,"href":"https:\/\/el-obrador.com\/ca\/wp-json\/wp\/v2\/project-category?post=2399"}],"curies":[{"name":"wp","href":"https:\/\/api.w.org\/{rel}","templated":true}]}}

<p>Durant el confinament del 2020, <em>Resistint la Covid</em> recull testimonis de resiliència a Mallorca. Històries personals de superació, cura mutu i adaptació davant del desconegut. Una memòria emocional dun temps que va transformar les nostres vides.  </p>
