{"id":2397,"date":"2026-01-28T17:04:23","date_gmt":"2026-01-28T15:04:23","guid":{"rendered":"https:\/\/el-obrador.com\/project\/docthinks\/"},"modified":"2026-01-28T17:04:24","modified_gmt":"2026-01-28T15:04:24","slug":"docthinks","status":"publish","type":"project","link":"https:\/\/el-obrador.com\/ca\/project\/docthinks\/","title":{"rendered":"Docthinks"},"content":{"rendered":"\n<p><em>Docthinks<\/em> \u00e9s un espai de trobada per a professionals, estudiants i amants del cinema documental. Reuneix entrevistes, itineraris pedag\u00f2gics, projectes en desenvolupament i espais de reflexi\u00f3 sobre les pr\u00e0ctiques i els reptes del cinema no ficci\u00f3 contemporani. <\/p>\n","protected":false},"featured_media":2008,"template":"","meta":{"footnotes":""},"project-category":[34],"class_list":["post-2397","project","type-project","status-publish","has-post-thumbnail","hentry","project-category-tv-i-nous-formats"],"_links":{"self":[{"href":"https:\/\/el-obrador.com\/ca\/wp-json\/wp\/v2\/project\/2397","targetHints":{"allow":["GET"]}}],"collection":[{"href":"https:\/\/el-obrador.com\/ca\/wp-json\/wp\/v2\/project"}],"about":[{"href":"https:\/\/el-obrador.com\/ca\/wp-json\/wp\/v2\/types\/project"}],"version-history":[{"count":0,"href":"https:\/\/el-obrador.com\/ca\/wp-json\/wp\/v2\/project\/2397\/revisions"}],"wp:featuredmedia":[{"embeddable":true,"href":"https:\/\/el-obrador.com\/ca\/wp-json\/wp\/v2\/media\/2008"}],"wp:attachment":[{"href":"https:\/\/el-obrador.com\/ca\/wp-json\/wp\/v2\/media?parent=2397"}],"wp:term":[{"taxonomy":"project-category","embeddable":true,"href":"https:\/\/el-obrador.com\/ca\/wp-json\/wp\/v2\/project-category?post=2397"}],"curies":[{"name":"wp","href":"https:\/\/api.w.org\/{rel}","templated":true}]}}

<p><em>Docthinks</em> és un espai de trobada per a professionals, estudiants i amants del cinema documental. Reuneix entrevistes, itineraris pedagògics, projectes en desenvolupament i espais de reflexió sobre les pràctiques i els reptes del cinema no ficció contemporani. </p>
