{"id":2297,"date":"2025-12-13T13:40:39","date_gmt":"2025-12-13T11:40:39","guid":{"rendered":"https:\/\/el-obrador.com\/project\/a-un-lloc-de-la-ment\/"},"modified":"2025-12-13T13:53:28","modified_gmt":"2025-12-13T11:53:28","slug":"a-un-lloc-de-la-ment","status":"publish","type":"project","link":"https:\/\/el-obrador.com\/ca\/project\/a-un-lloc-de-la-ment\/","title":{"rendered":"A un lloc de la ment"},"content":{"rendered":"\n<p>Jos\u00e9 Corbacho i Catalina Solivellas es van con\u00e8ixer fa trenta anys compartint escenaris, camerinos, rialles i tamb\u00e9 alguna pena. Aqu\u00ed van comen\u00e7ar a ser conscients de com pot arribar a ser de terap\u00e8utic el teatre en els moments dif\u00edcils. Anys despr\u00e9s, i inspirats pel Quixot, decideixen muntar una versi\u00f3 lliure de la novel\u00b7la de cavalleria, juntament amb actors i actrius amateurs de Mallorca amb un diagn\u00f2stic en salut mental. El documental proposa un viatge en qu\u00e8 Jos\u00e9, Catalina i la meravellosa companyia creada per a l&#8217;ocasi\u00f3 comparteixen escenaris, camerinos, rialles i tamb\u00e9 alguna ll\u00e0grima.   <\/p>\n\n<p><\/p>\n","protected":false},"featured_media":2006,"template":"","meta":{"footnotes":""},"project-category":[31],"class_list":["post-2297","project","type-project","status-publish","has-post-thumbnail","hentry","project-category-documentals"],"_links":{"self":[{"href":"https:\/\/el-obrador.com\/ca\/wp-json\/wp\/v2\/project\/2297","targetHints":{"allow":["GET"]}}],"collection":[{"href":"https:\/\/el-obrador.com\/ca\/wp-json\/wp\/v2\/project"}],"about":[{"href":"https:\/\/el-obrador.com\/ca\/wp-json\/wp\/v2\/types\/project"}],"version-history":[{"count":0,"href":"https:\/\/el-obrador.com\/ca\/wp-json\/wp\/v2\/project\/2297\/revisions"}],"wp:featuredmedia":[{"embeddable":true,"href":"https:\/\/el-obrador.com\/ca\/wp-json\/wp\/v2\/media\/2006"}],"wp:attachment":[{"href":"https:\/\/el-obrador.com\/ca\/wp-json\/wp\/v2\/media?parent=2297"}],"wp:term":[{"taxonomy":"project-category","embeddable":true,"href":"https:\/\/el-obrador.com\/ca\/wp-json\/wp\/v2\/project-category?post=2297"}],"curies":[{"name":"wp","href":"https:\/\/api.w.org\/{rel}","templated":true}]}}

<p>José Corbacho i Catalina Solivellas es van conèixer fa trenta anys compartint escenaris, camerinos, rialles i també alguna pena. Aquí van començar a ser conscients de com pot arribar a ser de terapèutic el teatre en els moments difícils. Anys després, i inspirats pel Quixot, decideixen muntar una versió lliure de la novel·la de cavalleria, juntament amb actors i actrius amateurs de Mallorca amb un diagnòstic en salut mental. El documental proposa un viatge en què José, Catalina i la meravellosa companyia creada per a l&#8217;ocasió comparteixen escenaris, camerinos, rialles i també alguna llàgrima.   </p>

<p></p>
