{"id":2075,"date":"2025-09-18T22:18:59","date_gmt":"2025-09-18T20:18:59","guid":{"rendered":"https:\/\/el-obrador.com\/project\/majordocs\/"},"modified":"2025-09-18T22:18:59","modified_gmt":"2025-09-18T20:18:59","slug":"majordocs","status":"publish","type":"project","link":"https:\/\/el-obrador.com\/ca\/project\/majordocs\/","title":{"rendered":"Majordocs"},"content":{"rendered":"\n<p><strong>El festival internacional de cinema documental creatiu de la Mediterr\u00e0nia<\/strong><\/p>\n\n<p><strong><br\/><\/strong>Des de 2019, L&#8217;Obrador del Real organitza Majordocs, el primer festival internacional de cinema documental a Mallorca. Un festival lent que aposta per una experi\u00e8ncia immersiva i propera, on cada projecci\u00f3 \u00e9s una trobada entre autors i p\u00fablic.<\/p>\n\n<p>Majordocs posa el focus al documental d&#8217;autor, \u00edntim i reflexiu. Cada edici\u00f3 selecciona una desena de pel\u00b7l\u00edcules que defugen el que \u00e9s immediat i s&#8217;atreveixen a mirar el m\u00f3n amb profunditat i sensibilitat.<\/p>\n\n<p>A m\u00e9s a m\u00e9s de les projeccions, el festival acull un programa professional amb activitats d&#8217;ind\u00fastria, resid\u00e8ncies creatives, sessions de mentoria, formacions i espais de networking. Entre les seves propostes destaquen les Mentories Majordocs, la resid\u00e8ncia CalmaDocs i la nova xarxa europea VIVODOC, impulsada amb altres festivals.<\/p>\n\n<p>Celebrat cada octubre a Palma, Majordocs no \u00e9s nom\u00e9s un festival: \u00e9s un punt de trobada de pensament, cinema i resist\u00e8ncia cultural.<\/p>\n\n<p><\/p>\n","protected":false},"featured_media":2010,"template":"","meta":{"footnotes":""},"project-category":[34],"class_list":["post-2075","project","type-project","status-publish","has-post-thumbnail","hentry","project-category-tv-i-nous-formats"],"_links":{"self":[{"href":"https:\/\/el-obrador.com\/ca\/wp-json\/wp\/v2\/project\/2075","targetHints":{"allow":["GET"]}}],"collection":[{"href":"https:\/\/el-obrador.com\/ca\/wp-json\/wp\/v2\/project"}],"about":[{"href":"https:\/\/el-obrador.com\/ca\/wp-json\/wp\/v2\/types\/project"}],"version-history":[{"count":0,"href":"https:\/\/el-obrador.com\/ca\/wp-json\/wp\/v2\/project\/2075\/revisions"}],"wp:featuredmedia":[{"embeddable":true,"href":"https:\/\/el-obrador.com\/ca\/wp-json\/wp\/v2\/media\/2010"}],"wp:attachment":[{"href":"https:\/\/el-obrador.com\/ca\/wp-json\/wp\/v2\/media?parent=2075"}],"wp:term":[{"taxonomy":"project-category","embeddable":true,"href":"https:\/\/el-obrador.com\/ca\/wp-json\/wp\/v2\/project-category?post=2075"}],"curies":[{"name":"wp","href":"https:\/\/api.w.org\/{rel}","templated":true}]}}

<p><strong>El festival internacional de cinema documental creatiu de la Mediterrània</strong></p>

<p><strong><br/></strong>Des de 2019, L&#8217;Obrador del Real organitza Majordocs, el primer festival internacional de cinema documental a Mallorca. Un festival lent que aposta per una experiència immersiva i propera, on cada projecció és una trobada entre autors i públic.</p>

<p>Majordocs posa el focus al documental d&#8217;autor, íntim i reflexiu. Cada edició selecciona una desena de pel·lícules que defugen el que és immediat i s&#8217;atreveixen a mirar el món amb profunditat i sensibilitat.</p>

<p>A més a més de les projeccions, el festival acull un programa professional amb activitats d&#8217;indústria, residències creatives, sessions de mentoria, formacions i espais de networking. Entre les seves propostes destaquen les Mentories Majordocs, la residència CalmaDocs i la nova xarxa europea VIVODOC, impulsada amb altres festivals.</p>

<p>Celebrat cada octubre a Palma, Majordocs no és només un festival: és un punt de trobada de pensament, cinema i resistència cultural.</p>

<p></p>
